 l?
1
What is the units digit of (52/(-2))/((-6)/12)?
2
Let t be 1 + 12*(-10)/(-2). Let v = t + -41. What is the units digit of v?
0
Suppose u - 4*y = -2*y + 10, -3*u + 3*y + 18 = 0. What is the units digit of u?
2
Suppose 0*h - 3*h + 21 = 0. What is the units digit of h?
7
What is the hundreds digit of 4/(-20) + (-9)/5 + 136?
1
Let z(g) = -g**3 - 11*g**2 + 11*g - 3. What is the hundreds digit of z(-14)?
4
Let q be ((-38)/3)/(2/(-3)). Suppose -2*o + q = 3. What is the units digit of o?
8
Suppose -19 = -2*x + 1. Suppose x + 12 = 2*q. What is the tens digit of q - (-3 - 0)/3?
1
Let f(a) = a**3 - 4*a**2 - 6*a + 8. Let y be f(6). Suppose -3*o - 30 = -0*o + 3*t, 0 = -2*o + 4*t - y. Let j = o + 23. What is the units digit of j?
9
Let g = -1 + 2. Let b = 6 + g. Let q(r) = -r + 14. What is the units digit of q(b)?
7
Suppose 0*x - 4*x - 32 = 0. Let s = -3 - x. Let u(c) = -c + 6. What is the units digit of u(s)?
1
Suppose -3*z = 2*z + 485. Let b = z + 144. What is the tens digit of b?
4
Suppose -101 = -2*f + 3*h, 98 = 2*f - 2*h - 2*h. Suppose -4*b = -20, 0*n - 5*n - 2*b = -f. What is the units digit of n?
9
What is the tens digit of 11/(-66) - (9465/18)/(-5)?
0
Let c(s) = s**3 + 5*s**2 - s + 3. Suppose k - 12 = -2. Suppose -5*i + 25 = -k*i. What is the units digit of c(i)?
8
Suppose 0 = -2*z + 6*z - 216. What is the units digit of z?
4
What is the hundreds digit of 242 + 1 - (4 - 0)/(-4)?
2
Let k = 37 + -9. What is the units digit of k?
8
Suppose 3*r - 25 = -2*r. Let j(y) = 4*y + 2 - 8 - r*y. What is the units digit of j(-7)?
1
Suppose -4*y + 0*y + 20 = 0. Let i = y - 1. What is the units digit of (i/(-6) - 2)*-3?
8
Suppose 6*k = 3*k, 4*k = 5*w - 25. Suppose -4*q = -3*z + 26, -w*z - 2*q - 2*q = 10. What is the units digit of z?
2
Let k(h) = 1. Let t(z) = z + 12. Let j(c) = 2*k(c) + t(c). Let b be j(-6). Let m = b + 7. What is the units digit of m?
5
Let b = 22 + 25. Let q = -27 + b. What is the units digit of (-1)/(-3) + q/12?
2
What is the tens digit of 51/(-3)*(-3 + 2)?
1
Let y(c) = -6*c + 3. Let m be y(2). What is the units digit of ((-9)/6)/(m/12)?
2
Suppose 0*h + 45 = 3*h. Let x = h + -11. What is the units digit of x?
4
Suppose 0*n + 3*n - 2*v = -6, v = 2*n + 3. Let y = n + 0. Let w = y - -7. What is the units digit of w?
7
What is the tens digit of (-5)/2*42/(-5)?
2
Let d(j) = j + 5. Let f be 0 + (1 + -2)/(-1). Let u = -5 + f. What is the units digit of d(u)?
1
Let f(m) be the first derivative of -m**3/3 - 9*m**2/2 - 3*m - 3. What is the tens digit of f(-6)?
1
Let i be 1 + -3 - (-2 - -5). What is the units digit of (-44)/(-20) - (-1)/i?
2
Suppose 27*d - 25*d - 246 = 0. What is the units digit of d?
3
Let x(f) = f**2 + f. Let p be (-7 + 0)*(-5 + 4). Suppose -p = -u - 4. What is the tens digit of x(u)?
1
Let y = 10 - 3. What is the units digit of y?
7
Suppose -1 = -2*v - 3. Let z be (-6)/v*(-14)/(-6). Let w = -6 + z. What is the units digit of w?
8
Let o(p) = -p**3 + 8*p**2 + 4*p + 2. What is the tens digit of o(8)?
3
Let x be -3 - (-14)/((-2)/(-2)). Let m = 29 - x. What is the units digit of m?
8
What is the tens digit of (3/9)/((-3)/(-117))?
1
Suppose -p = -4*p. Suppose 3*k + 18 - 117 = p. What is the tens digit of k?
3
Let f = 2 - 2. Let q(m) = -2*m**3 - 3*m**2 + 1. Let o be q(-2). Suppose -60 = -o*s + 5*u, -2*s + 5*u + 0*u + 39 = f. What is the units digit of s?
7
Let q = 2 + -1. What is the units digit of (-2)/q + -1 - -15?
2
Let l(u) = u**2 + u - 9. Let i be l(0). Let n be (-33)/i - 6/9. Suppose 4*w + 2*t = 3*w + 11, -5*w - 10 = -n*t. What is the units digit of w?
1
Let i(v) = 7*v**3 + 7*v - 3. Let b(p) = 15*p**3 - p**2 + 15*p - 7. Let n(g) = 6*b(g) - 13*i(g). Suppose 12 = -0*m - 2*m. What is the units digit of n(m)?
3
Let i = -6 - -7. Let v = -1 + i. Suppose -3*z - 3*n + 8 + 4 = v, -2*n + 15 = 3*z. What is the units digit of z?
7
Suppose -178 - 252 = 2*m. What is the tens digit of m/(-7) - (-28)/98?
3
Let g(r) = 3*r - 1. Let o(p) = -p**3 - p**2 - p. Let v be o(-1). Let c be g(v). Suppose 0 = -0*d - c*d + 8. What is the units digit of d?
4
Let d = -6 + 1. Let n = d + -3. What is the units digit of (-2)/(-1)*(-44)/n?
1
Let k(p) = -4*p**2 - 1. Let s be (0 + -2 + 1)*1. Let m be k(s). Let a(n) = n**2 + 3*n - 4. What is the units digit of a(m)?
6
Suppose 2*z = -2*o - 0 - 2, 4*z = o + 1. Let d = z + 2. What is the units digit of 0/1 + 0 + d?
2
Suppose -9*m = -6*m + 12. Let u(v) = 2*v**2 - 3*v - 4. What is the tens digit of u(m)?
4
Let g be 5/30 - 35/(-6). Suppose 2*o - g = 4*o. What is the units digit of 2*(4 - 3/o)?
0
Let y be (-2)/12 + 4/24. Suppose o + o = -5*q - 2, 4*o + 4 = y. Let p = q - -6. What is the units digit of p?
6
Let w(q) = -q**2 + q + 1. Let i(u) = 6*u**2 - 17*u + 1. Let d(z) = i(z) + 5*w(z). Let y be d(11). Let x = 16 + y. What is the tens digit of x?
1
Let j = -5 + 10. Let f = j + -8. What is the units digit of 6 - (-3)/f*-1?
7
Let m be (-10)/(-3) + (-2)/6. Suppose m*d = 20 + 1. What is the units digit of d?
7
Suppose -5*b - 4*m + 5 = 75, 0 = 5*m + 25. What is the units digit of 4/b + 54/10?
5
Suppose -104 = -4*i + 24. What is the tens digit of i?
3
Let g(j) = -2*j**3 + 4*j**2 - 5*j - 9. What is the units digit of g(-4)?
3
Let p(y) = -y - 3. Let l(m) = -3*m + 7 - m + 3*m + 3*m. Let u(j) = 3*l(j) + 5*p(j). What is the units digit of u(0)?
6
Let g(c) = -2*c**3 - 3*c**2 - c - 1. Let t be g(-2). Let s(u) = 2*u - 2. What is the units digit of s(t)?
8
Suppose 2*d + m = -12 + 44, -3*m = -12. What is the units digit of d?
4
Let a(r) be the second derivative of 4*r**3/3 + 2*r. Let j be a(1). Let b = j + 2. What is the tens digit of b?
1
Let q(j) = -j**3 + 18*j**2 + 39*j + 13. Let i be q(20). Let r = 6 + 12. Let c = r + i. What is the tens digit of c?
1
Let p = -11 + 19. Let g = p - 4. What is the units digit of 6/(-3) + 1 + g?
3
Let i = 5 + -7. Let v = 4 + i. What is the units digit of v/(-3) + 51/9?
5
What is the units digit of 128/24*(-6)/(-8) + 310?
4
Let k(q) = 2*q**3 + 3*q**2 - 6*q + 9. What is the units digit of k(3)?
2
Suppose 0 = -t + 4*s + 118, s - 4*s + 613 = 5*t. What is the hundreds digit of t?
1
Let q(a) = a**3 - 14*a**2 + 8*a + 18. What is the hundreds digit of q(14)?
1
Let x(h) = -59*h**3 + h**2. What is the units digit of x(-1)?
0
Suppose -91 = -4*u + 37. Let g = u + -24. What is the units digit of g?
8
Let f be 748/36 - (-4)/18. Suppose -4*w = -f + 1. What is the units digit of w?
5
Let f(r) = r**3 - 7*r**2 + 8*r - 4. What is the units digit of f(6)?
8
Let v(r) = 5*r - 8. Let p be v(4). What is the units digit of (2 + (-32)/p)*-6?
4
Suppose 4*u - 42 = u. Let i(v) = -v - 4. Let g be i(3). Let p = u + g. What is the units digit of p?
7
Suppose -2*k - 5 = -15, 5*k + 175 = -4*s. What is the tens digit of ((-6)/(-5))/((-5)/s)?
1
Suppose w - 70 + 13 = 0. What is the units digit of w?
7
Let r(s) = 3*s**2 - 1. Let t be r(1). Suppose t = 5*w - 28. Let n = -4 + w. What is the units digit of n?
2
Suppose 3 = 3*j - 6. What is the units digit of (3*1)/(j/12)?
2
Suppose 5*s - 3*v - 734 = 0, -2*s - v + 210 = -77. What is the hundreds digit of s?
1
Suppose -51 = -m - 13. What is the tens digit of m?
3
Let a be 3/(-18) - (-49)/6. Suppose -2*j + a = 4. Let u = 4 + j. What is the units digit of u?
6
Suppose -2*z + 4*w + 1 = z, -2*z + 10 = 2*w. Suppose 34 = f - 2*r, -r - r = -4*f + 142. Suppose -4*u + f = p + 3*p, -u + z*p = 3. What is the units digit of u?
6
Let p(i) = -3*i - 1. What is the units digit of p(-1)?
2
Let g(v) = v**3 - 12*v**2 - 25*v - 12. What is the units digit of g(14)?
0
Let r = -5 - -6. What is the units digit of 5 - (-3 + r + 0)?
7
Let i = 11 - 7. Let f(t) = -5 - t - i*t - t**2 - 3*t. What is the units digit of f(-5)?
0
Let a(j) = j**2 + j + 1. Let y(v) = 23*v**2 + 4*v + 5. Let u(o) = -6*a(o) + y(o). What is the units digit of u(-1)?
8
Let g = 14 - -16. What is the units digit of g?
0
Let t = -8 + 18. What is the units digit of t?
0
Suppose 3*x - 4*w = -1 + 13, 5*x + 15 = -5*w. What is the tens digit of -4 + (x - -1) + 34?
3
Let l = 1 - 2. Let c be (l/(1/(-34)))/2. What is the units digit of (-2)/(-4)*(c - 1)?
8
Let f be -5 + 6 + (0 - -1). Suppose -n = 0, f*d - 2*n - 12 = -3*n. What is the units digit of d?
6
Suppose 2*s + 3*s - 10 = -5*y, -4*s - 5*y + 11 = 0. What is the units digit of s - (-15 - 2*-1)?
2
Suppose -4